t is the ten millions digit of 1910843578?
1
What is the units digit of 75009019?
9
What is the hundreds digit of 404084032?
0
What is the ten millions digit of 56135173?
5
What is the thousands digit of 27103127?
3
What is the tens digit of 203245747?
4
What is the millions digit of 6465138457?
5
What is the thousands digit of 2162241815?
1
What is the thousands digit of 8229726?
9
What is the hundreds digit of 205467103?
1
What is the ten millions digit of 263187716?
6
What is the ten millions digit of 110518888?
1
What is the hundred thousands digit of 607662454?
6
What is the millions digit of 460850161?
0
What is the hundred millions digit of 496001031?
4
What is the thousands digit of 1451515037?
5
What is the tens digit of 171270851?
5
What is the tens digit of 82790677?
7
What is the tens digit of 162834055?
5
What is the ten millions digit of 85441231?
8
What is the millions digit of 34874684?
4
What is the hundred thousands digit of 7602239490?
2
What is the thousands digit of 740645476?
5
What is the units digit of 132847685?
5
What is the units digit of 2340680951?
1
What is the thousands digit of 151439341?
9
What is the ten thousands digit of 2394303775?
0
What is the hundred thousands digit of 16526051?
5
What is the ten millions digit of 240198750?
4
What is the ten millions digit of 2296604519?
9
What is the thousands digit of 4817870?
7
What is the hundreds digit of 182708009?
0
What is the hundreds digit of 27369317?
3
What is the tens digit of 32683698?
9
What is the units digit of 148930634?
4
What is the ten thousands digit of 326807813?
0
What is the thousands digit of 167409608?
9
What is the tens digit of 2407084998?
9
What is the hundreds digit of 38258553?
5
What is the millions digit of 59791410?
9
What is the millions digit of 380821767?
0
What is the thousands digit of 269854822?
4
What is the tens digit of 304301172?
7
What is the thousands digit of 260784868?
4
What is the ten thousands digit of 78761898?
6
What is the thousands digit of 474178361?
8
What is the hundreds digit of 718089532?
5
What is the tens digit of 899649550?
5
What is the thousands digit of 87765135?
5
What is the tens digit of 80062634?
3
What is the ten millions digit of 123607852?
2
What is the tens digit of 1718308453?
5
What is the ten millions digit of 96459609?
9
What is the units digit of 34242793?
3
What is the billions digit of 1007982218?
1
What is the ten thousands digit of 6767516578?
1
What is the ten thousands digit of 23717230?
1
What is the hundred millions digit of 135857023?
1
What is the hundreds digit of 199346607?
6
What is the hundred thousands digit of 140635959?
6
What is the tens digit of 58414373?
7
What is the units digit of 5413707361?
1
What is the hundred thousands digit of 34931375?
9
What is the thousands digit of 37558154?
8
What is the units digit of 1057564456?
6
What is the hundred thousands digit of 25739079?
7
What is the ten thousands digit of 1330838805?
3
What is the ten millions digit of 36993398?
3
What is the hundreds digit of 423702324?
3
What is the thousands digit of 94646237?
6
What is the hundred thousands digit of 78373999?
3
What is the ten millions digit of 6127652716?
2
What is the thousands digit of 51581644?
1
What is the units digit of 31375578?
8
What is the ten thousands digit of 75228443?
2
What is the billions digit of 1555887014?
1
What is the tens digit of 789947560?
6
What is the units digit of 29262917?
7
What is the thousands digit of 279158855?
8
What is the hundreds digit of 66265467?
4
What is the tens digit of 15232608?
0
What is the units digit of 548478477?
7
What is the units digit of 6326047?
7
What is the thousands digit of 120946820?
6
What is the units digit of 64747741?
1
What is the millions digit of 523215919?
3
What is the ten thousands digit of 529861121?
6
What is the tens digit of 100902747?
4
What is the ten millions digit of 546520111?
4
What is the units digit of 170203395?
5
What is the ten millions digit of 1020495295?
2
What is the hundred millions digit of 276335700?
2
What is the ten thousands digit of 7277035572?
3
What is the hundred millions digit of 772320253?
7
What is the hundred thousands digit of 258164568?
1
What is the hundreds digit of 6778012?
0
What is the units digit of 110151368?
8
What is the thousands digit of 27760001?
0
What is the hundred thousands digit of 29359568?
3
What is the hundred millions digit of 803666558?
8
What is the ten millions digit of 74194981?
7
What is the ten thousands digit of 15021376?
2
What is the ten thousands digit of 198091386?
9
What is the millions digit of 30826059?
0
What is the thousands digit of 3484320?
4
What is the ten millions digit of 46520177?
4
What is the ten thousands digit of 96203512?
0
What is the hundred thousands digit of 141083798?
0
What is the units digit of 1083724822?
2
What is the hundred millions digit of 3737956816?
7
What is the ten thousands digit of 72821435?
2
What is the millions digit of 127603466?
7
What is the hundred thousands digit of 1345475673?
4
What is the hundreds digit of 2333085991?
9
What is the tens digit of 31866479?
7
What is the millions digit of 12760790?
2
What is the ten thousands digit of 121175887?
7
What is the hundreds digit of 24925033?
0
What is the hundreds digit of 396234465?
4
What is the thousands digit of 2274368003?
8
What is the tens digit of 4676731390?
9
What is the ten millions digit of 343137271?
4
What is the ten millions digit of 631661112?
3
What is the tens digit of 2329479984?
8
What is the thousands digit of 5560816?
0
What is the units digit of 42961064?
4
What is the ten thousands digit of 202051899?
5
What is the tens digit of 40520236?
3
What is the ten thousands digit of 215794132?
9
What is the hundred millions digit of 881146379?
8
What is the billions digit of 3780182762?
3
What is the millions digit of 174752427?
4
What is the units digit of 11355437?
7
What is the hundred millions digit of 283818058?
2
What is the hundred millions digit of 1020622956?
0
What is the millions digit of 98018812?
8
What is the thousands digit of 15631140?
1
What is the billions digit of 2220193597?
2
What is the ten millions digit of 2592651353?
9
What is the hundred thousands digit of 87704340?
7
What is the hundreds digit of 7690283003?
0
What is the tens digit of 18384544?
4
What is the units digit of 18201996?
6
What is the ten millions digit of 1557824178?
5
What is the hundred thousands digit of 69914657?
9
What is the millions digit of 166267324?
6
What is the units digit of 2772073738?
8
What is the thousands digit of 94855504?
5
What is the hundred thousands digit of 3938776241?
7
What is the hundreds digit of 5729533889?
8
What is the units digit of 1471900281?
1
What is the thousands digit of 69020644?
0
What is the tens digit of 26980074?
7
What is the ten millions digit of 362834408?
6
What is the units digit of 5776682?
2
What is the tens digit of 197431706?
0
What is the ten millions digit of 125815816?
2
What is the hundred thousands digit of 8463239?
4
What is the ten thousands digit of 24084955?
8
What is the hundred thousands digit of 2596516714?
5
What is the hundred thousands digit of 98763583?
7
What is the ten thousands digit of 27591662?
9
What is the tens digit of 106439583?
8
What is the hundreds digit of 40559231?
2
What is the hundred millions digit of 969494392?
9
What is the ten millions digit of 58880667?
5
What is the thousands digit of 7642237?
2
What is the hundreds digit of 71050242?
2
What is the units digit of 958267697?
7
What is the hundred millions digit of 608047021?
6
What is the hundreds digit of 218680815?
8
What is the hundred thousands digit of 174845992?
8
What is the millions digit of 826871125?
6
What is the thousands digit of 34998475?
8
What is the ten millions digit of 392566897?
9
What is the millions digit of 1370797276?
0
What is the thousands digit of 1478037871?
7
What is the units digit of 161032619?
9
What is the millions digit of 95913320?
5
What is the thousands digit of 35897676?
7
What is the hundreds digit of 74976941?
9
What is the hundred thousands digit of 164759342?
7
What is the ten thousands digit of 169948496?
4
What is the ten millions digit of 705819132?
0
What is